337
What are the prime factors of 556881956?
2, 139220489
List the prime factors of 833046489.
3, 11, 29, 179, 1621
List the prime factors of 825037127.
1231, 670217
What are the prime factors of 146555132?
2, 19, 643, 2999
What are the prime factors of 130446827?
7, 1277, 14593
What are the prime factors of 11657011?
11657011
What are the prime factors of 561817080?
2, 3, 5, 11, 19, 131
What are the prime factors of 198132622?
2, 3301, 30011
List the prime factors of 195725927.
331, 591317
What are the prime factors of 422612033?
9817, 43049
What are the prime factors of 376346726?
2, 7, 113, 233, 1021
List the prime factors of 1634290095.
3, 5, 108952673
What are the prime factors of 967844523?
3, 71, 4543871
List the prime factors of 5280352549.
3673, 1437613
List the prime factors of 210487854.
2, 3, 35081309
What are the prime factors of 93398026?
2, 46699013
What are the prime factors of 49098395?
5, 9819679
List the prime factors of 2243103.
3, 71, 10531
What are the prime factors of 177102066?
2, 3, 29517011
List the prime factors of 1146335795.
5, 11, 1129, 18461
What are the prime factors of 5722487?
5722487
What are the prime factors of 3573074728?
2, 446634341
What are the prime factors of 739356400?
2, 5, 151, 12241
What are the prime factors of 1088989349?
7, 17, 23, 17299
What are the prime factors of 640736174?
2, 13, 24643699
What are the prime factors of 2253229343?
317, 7107979
What are the prime factors of 1194432405?
3, 5, 79628827
List the prime factors of 6715039458.
2, 3, 821, 1363183
What are the prime factors of 6775421722?
2, 37, 179, 511507
What are the prime factors of 25984622?
2, 983, 13217
List the prime factors of 316995599.
316995599
What are the prime factors of 2980057839?
3, 11, 137, 659159
List the prime factors of 612901393.
13, 47146261
List the prime factors of 84626359.
3541, 23899
What are the prime factors of 37001374?
2, 18500687
What are the prime factors of 20919723?
3, 11, 633931
List the prime factors of 1222423018.
2, 611211509
What are the prime factors of 2545567723?
2545567723
What are the prime factors of 61937234?
2, 30968617
What are the prime factors of 1850752652?
2, 7, 47, 523, 2689
What are the prime factors of 965117678?
2, 7, 68936977
List the prime factors of 4550945248.
2, 43, 3307373
What are the prime factors of 380686856?
2, 11, 4325987
List the prime factors of 177991478.
2, 7, 12713677
What are the prime factors of 2367027590?
2, 5, 67, 3532877
List the prime factors of 280514603.
17, 2417, 6827
List the prime factors of 57721103.
11, 17, 67, 271
What are the prime factors of 49714637?
7, 7102091
List the prime factors of 9953406811.
43, 47, 4924991
List the prime factors of 458221003.
1861, 246223
What are the prime factors of 9932457?
3, 3310819
What are the prime factors of 33871247?
67, 223, 2267
List the prime factors of 198540931.
29, 233, 29383
List the prime factors of 26294842.
2, 7, 23, 127, 643
List the prime factors of 38061404.
2, 181, 52571
List the prime factors of 2294486837.
43, 53360159
What are the prime factors of 135157282?
2, 13, 5198357
List the prime factors of 56817032.
2, 29, 244901
What are the prime factors of 1023188120?
2, 5, 23, 47, 23663
What are the prime factors of 11450048?
2, 178907
What are the prime factors of 545601580?
2, 5, 27280079
List the prime factors of 110561513.
19, 37, 157271
List the prime factors of 24476141.
17, 1439773
What are the prime factors of 100931319?
3, 31, 120587
List the prime factors of 456432.
2, 3, 37, 257
What are the prime factors of 166972539?
3, 55657513
List the prime factors of 509418050.
2, 5, 10188361
List the prime factors of 16809620.
2, 5, 79, 10639
What are the prime factors of 479459737?
19, 47, 536909
What are the prime factors of 135078769?
7, 19296967
List the prime factors of 653555354.
2, 326777677
List the prime factors of 60753219.
3, 853, 23741
List the prime factors of 2672463435.
3, 5, 41, 4345469
List the prime factors of 57654371.
67, 860513
List the prime factors of 25402678.
2, 7, 259211
What are the prime factors of 264651715?
5, 52930343
List the prime factors of 80624837.
80624837
List the prime factors of 3452146394.
2, 811, 2128327
List the prime factors of 129148860.
2, 3, 5, 2152481
What are the prime factors of 579759974?
2, 289879987
What are the prime factors of 2659287815?
5, 17, 31285739
List the prime factors of 140329436.
2, 13, 31, 263, 331
List the prime factors of 99967921.
2293, 43597
What are the prime factors of 1740530?
2, 5, 11, 15823
List the prime factors of 127443750.
2, 3, 5, 7, 971
List the prime factors of 3832166200.
2, 5, 19160831
What are the prime factors of 48890833?
48890833
What are the prime factors of 280163454?
2, 3, 46693909
List the prime factors of 3227721575.
5, 13, 17, 584203
List the prime factors of 35372638.
2, 7, 2526617
What are the prime factors of 390614119?
7, 55802017
What are the prime factors of 3477291?
3, 311, 3727
List the prime factors of 584571157.
19, 1753, 17551
What are the prime factors of 263197157?
263197157
What are the prime factors of 37871313?
3, 19, 37, 17957
What are the prime factors of 3034979478?
2, 3, 19, 163, 54443
What are the prime factors of 90480417?
3, 137, 220147
What are the prime factors of 26603571?
3, 23, 385559
List the prime factors of 44513112.
2, 3, 7, 264959
List the prime factors of 1034752824.
2, 3, 7, 67, 30643
List the prime factors of 1221246392.
2, 152655799
List the prime factors of 35473832.
2, 17, 109, 2393
What are the prime factors of 105305496?
2, 3, 29, 71, 2131
List the prime factors of 1412372801.
7, 17, 11868679
What are the prime factors of 89890167?
3, 43, 696823
List the prime factors of 21768351.
3, 11, 347, 1901
What are the prime factors of 146716568?
2, 29, 73, 8663
What are the prime factors of 498340267?
71, 73, 96149
List the prime factors of 17141630.
2, 5, 11, 155833
List the prime factors of 19919226.
2, 3, 59, 56269
List the prime factors of 1330208094.
2, 3, 221701349
What are the prime factors of 7027991587?
71, 211, 469127
List the prime factors of 778156512.
2, 3, 7, 449, 2579
What are the prime factors of 8515907?
8515907
List the prime factors of 1321507460.
2, 5, 7, 13, 47, 2207
List the prime factors of 2014338454.
2, 83, 12134569
List the prime factors of 916614183.
3, 305538061
List the prime factors of 194601115.
5, 5843, 6661
List the prime factors of 385895127.
3, 23, 5592683
List the prime factors of 1941747408.
2, 3, 19, 709703
What are the prime factors of 1133060683?
27239, 41597
List the prime factors of 94453023.
3, 7, 1759, 2557
What are the prime factors of 213209434?
2, 1931, 55207
What are the prime factors of 83971854?
2, 3, 41, 113783
List the prime factors of 372585718.
2, 9377, 19867
List the prime factors of 295733661.
3, 43, 2292509
What are the prime factors of 72764910?
2, 3, 5, 733, 1103
What are the prime factors of 755828572?
2, 188957143
What are the prime factors of 66541918?
2, 89, 541, 691
List the prime factors of 1250319454.
2, 907, 689261
What are the prime factors of 1139350251?
3, 13, 17, 1718477
What are the prime factors of 1345151397?
3, 751, 597049
What are the prime factors of 65429873?
3257, 20089
What are the prime factors of 882328010?
2, 5, 4093, 21557
List the prime factors of 977059186.
2, 229, 523, 4079
List the prime factors of 53925519.
3, 17975173
What are the prime factors of 9002615?
5, 29, 47, 1321
What are the prime factors of 5547914907?
3, 31, 59654999
What are the prime factors of 2192067769?
59, 37153691
List the prime factors of 39110288.
2, 7, 349199
What are the prime factors of 540181818?
2, 3, 11, 19, 23, 2081
List the prime factors of 76645050.
2, 3, 5, 19, 26893
List the prime factors of 347890222.
2, 173945111
List the prime factors of 37277708.
2, 13, 757, 947
What are the prime factors of 881464473?
3, 19, 5154763
What are the prime factors of 1792251?
3, 19, 47, 223
What are the prime factors of 80150018?
2, 13, 19, 89, 1823
What are the prime factors of 17327376?
2, 3, 11, 10939
What are the prime factors of 92464659?
3, 7, 19, 2861
What are the prime factors of 1001225996?
2, 373, 671063
List the prime factors of 65751658.
2, 7, 409, 11483
List the prime factors of 64285091.
13, 494